 h(w) = w - 52. Give h(0).
-52
Let c(t) = 2*t**3 - 19*t**2 + t + 76. Calculate c(9).
4
Let k(w) = -w**3 - 3*w**2 + 7*w - 15. Determine k(-7).
132
Let t(d) = d - 15. Determine t(11).
-4
Let u(l) = -3*l**2 + 58*l + 13. Give u(19).
32
Let n(u) = u**3 - 21*u**2 + 18*u + 32. Calculate n(20).
-8
Let q(p) = p**2 - p + 8. Determine q(0).
8
Let w(k) = -2*k**3 + 9*k**2 + 9*k. Give w(-1).
2
Let p(i) = i**3 - 3*i**2 - 4*i + 6. Give p(3).
-6
Let h(v) = -v**3 + 17*v**2 + 40*v - 55. What is h(19)?
-17
Let y(x) = x**2 - x - 7. Calculate y(-5).
23
Let a(x) = 20*x + 36. Determine a(-4).
-44
Let t(l) = -28*l**2 + l - 6. Give t(2).
-116
Let y(t) = 2*t**2 + 6*t - 7. Determine y(3).
29
Let f(q) = -q**3 - 14*q**2 + q + 8. Give f(-14).
-6
Let r(s) = -s**2 - 13*s + 95. Give r(5).
5
Let u(y) = -y**3 + 5*y**2 + y + 37. What is u(6)?
7
Let u(w) = -5*w - 8. Calculate u(-2).
2
Let z(k) = -k**3 - 9*k**2 - 14*k - 4. Give z(-7).
-4
Let t(w) = -w**3 - 6*w**2 - 5*w - 3. Determine t(-5).
-3
Let q(a) = a**2 - 9*a + 24. Give q(3).
6
Let i(g) = g**3 - 20*g**2 + 19*g + 6. What is i(19)?
6
Let u(m) = -2*m**3 - 3*m**2 - 4*m + 2. Determine u(-2).
14
Let v(f) = -f**2 - 3*f + 6. Calculate v(-7).
-22
Let b(n) = -n**2 + 19*n + 132. Determine b(-6).
-18
Let w(t) = -t**2 + 3*t + 137. Give w(-10).
7
Let m(d) = -d**2 - 5*d. What is m(-5)?
0
Let n(g) = -13*g - 77. Give n(-7).
14
Let b(o) = o. What is b(5)?
5
Let k(r) = -r**2 + 24*r - 143. What is k(12)?
1
Let i(w) = -6*w**2 + w. Calculate i(-1).
-7
Let m(n) = -5*n + 43. What is m(0)?
43
Let v(c) = 3*c - 2. Determine v(-6).
-20
Let s(q) = -33*q + 1. Calculate s(-1).
34
Let c(x) = x**2 + x - 5. Give c(4).
15
Let h(z) = -z**3 + 11*z**2 - 12*z + 12. What is h(10)?
-8
Let q(i) = i**3 - 15*i**2 + 36*i + 1. Calculate q(3).
1
Let d(y) = -y + 39. Calculate d(-19).
58
Let p(x) = -10*x - 78. Determine p(-14).
62
Let i(t) = -2*t**2 - 6*t + 6. Calculate i(-4).
-2
Let g(i) = i**3 + 7*i**2 - 14*i - 10. Give g(-9).
-46
Let l(z) = -3*z**3 - z**2 - z + 1. Give l(1).
-4
Let f(h) = h + 17. Calculate f(-7).
10
Let d(q) = -30*q - 246. Calculate d(-9).
24
Let u(f) = -89*f**2 + 3*f - 3. What is u(1)?
-89
Let b(s) = -5*s + 26. Calculate b(4).
6
Let p(s) = s**3 - 8*s**2 + 7*s - 6. Determine p(7).
-6
Let u(p) = -p**2 - 5*p + 12. Calculate u(-7).
-2
Let u(h) = -h**2 + 9*h - 2. Give u(8).
6
Let l(t) = t**2 + 13*t + 10. What is l(-11)?
-12
Let i(o) = 5*o**2 + o - 2. Give i(1).
4
Let i(n) = 8*n**2 - 2*n + 6. What is i(3)?
72
Let n(f) = -61*f - 662. What is n(-11)?
9
Let i(b) = -9*b - 18. Determine i(2).
-36
Let p(w) = -w**2 - 6*w - 3. Determine p(-7).
-10
Let z(o) = o**2 + 13*o + 49. Determine z(-11).
27
Let r(g) = 5*g**2 - 12. Give r(2).
8
Let w(r) = r**3 - 10*r**2 - r - 11. Calculate w(8).
-147
Let x(d) = 7*d - 4. Calculate x(2).
10
Let m(j) = 2*j - 56. What is m(30)?
4
Let r(s) = 5*s - 1. Determine r(3).
14
Let s(p) = -5*p + 3. Determine s(-5).
28
Let u(g) = -5*g - 45. Give u(5).
-70
Let j(l) = -l**2 + 8*l + 25. Calculate j(9).
16
Let d(u) = u**3 - 2*u**2 - 13*u + 5. Give d(4).
-15
Let f(u) = -2*u**2 + 29*u + 33. Give f(16).
-15
Let d(y) = 71*y + 16. What is d(-1)?
-55
Let z(g) = g**3 + 12*g**2 + 11*g - 1. Calculate z(-11).
-1
Let s(l) = 2*l**3 + 3*l**2 + 2*l - 5. What is s(2)?
27
Let d(y) = -18*y - 388. Calculate d(-22).
8
Let x(s) = s**3 + 11*s**2 + 11*s. Determine x(-9).
63
Let p(o) = 2*o**2. What is p(-2)?
8
Let b(u) = -u**3 - 12*u**2 + 29*u + 19. Calculate b(-14).
5
Let f(l) = -84*l**3 - l - 1. What is f(-1)?
84
Let o(s) = s**2 - 9*s + 4. Give o(4).
-16
Let t(d) = 12*d - 45. Calculate t(6).
27
Let o(d) = d**2 - 7*d + 1. Calculate o(7).
1
Let o(n) = -3*n + 1. Determine o(-13).
40
Let j(i) = 5*i + 6. Give j(-3).
-9
Let w(k) = k**3 - 11*k**2 + 14*k - 12. Give w(10).
28
Let d(p) = 3*p + 1. Give d(7).
22
Let p(x) = -35*x - 106. What is p(-3)?
-1
Let q(o) = o**2 - 8*o - 47. Calculate q(9).
-38
Let r(d) = d**3 - 6*d**2 - 2*d - 14. Calculate r(6).
-26
Let c(r) = r**2 - 17*r + 6. Calculate c(17).
6
Let a(b) = 21*b + 35. Calculate a(-11).
-196
Let h(p) = -3*p**2 + 8*p - 4. Give h(3).
-7
Let i(b) = -b**3 - 30*b**2 - 82*b - 31. Determine i(-27).
-4
Let h(i) = i**3 + i**2 - 2*i + 4. What is h(-2)?
4
Let h(o) = -o + 3. Give h(10).
-7
Let v(h) = 7*h**2 + 4*h + 5. Determine v(-2).
25
Let x(l) = l**3 + 14*l**2 + 12*l - 17. Calculate x(-13).
-4
Let w(q) = 2*q + 8. Calculate w(-6).
-4
Let m(h) = 27*h - 6. Calculate m(-2).
-60
Let g(x) = x**2 + 16*x + 7. Calculate g(-14).
-21
Let z(q) = -q**3 - 3*q**2 + 3*q - 2. Give z(-3).
-11
Let b(d) = -d**3 + 5*d**2 - 3*d + 9. What is b(5)?
-6
Let r(s) = -s + 9. Give r(-7).
16
Let v(w) = -w**2 - 19*w - 65. Give v(-14).
5
Let x(z) = -z**2 + 13*z + 12. Give x(14).
-2
Let z(g) = g**2 - 8. Give z(-3).
1
Let a(o) = 5*o**2 + 2*o - 2. Determine a(1).
5
Let h(v) = v**2 - 35*v - 77. What is h(37)?
-3
Let h(l) = l**2 - 3*l - 2. Calculate h(4).
2
Let f(a) = a**2 + 42*a - 161. What is f(4)?
23
Let b(n) = 94*n**3 - n**2 + n + 1. What is b(-1)?
-95
Let h(i) = -11*i - 63. Determine h(6).
-129
Let j(m) = -m**3 - 12*m**2 - 3*m + 174. Calculate j(-10).
4
Let r(n) = -n - 11. What is r(0)?
-11
Let u(q) = q**2 + 18*q - 20. Calculate u(-18).
-20
Let a(x) = 7*x - 46. What is a(6)?
-4
Let i(u) = -2*u**2 - 3*u + 15. Calculate i(3).
-12
Let b(i) = -i**2 - 21*i + 11. What is b(-15)?
101
Let y(w) = -w**3 - 6*w**2 + w - 8. Calculate y(-6).
-14
Let u(j) = j**3 - 17*j**2 + 7*j - 44. What is u(17)?
75
Let r(m) = -7*m - 7. Give r(0).
-7
Let n(p) = -111*p - 334. Determine n(-3).
-1
Let j(z) = z + 5. Determine j(0).
5
Let c(z) = -z**3 + 3*z**2 + 5*z + 3. Give c(4).
7
Let c(h) = -h**2 - 6*h - 10. What is c(-3)?
-1
Let z(t) = -8*t**3 - t. Calculate z(-1).
9
Let a(l) = -l - 7. Give a(12).
-19
Let q(s) = 2*s**3 + 4*s**2 + s + 11. Give q(-4).
-57
Let x(d) = 10*d - 3. Determine x(3).
27
Let n(t) = -t**2 + 3*t + 17. Give n(-4).
-11
Let q(d) = -d**2 - 13*d - 15. Give q(-8).
25
Let z(v) = 70*v + 169. Calculate z(-3).
-41
Let s(n) = -2*n**2 - 32*n - 22. Determine s(-15).
8
Let l(q) = q**2 + 11*q + 12. Give l(-14).
54
Let y(d) = d**3 + d**2. Give y(-2).
-4
Let b(a) = a**2 + 18*a + 7. Give b(-18).
7
Let s(u) = 2*u + 3. Calculate s(-10).
-17
Let y(n) = -30*n**3 + n**2 - n. What is y(1)?
-30
Let f(n) = -n**2 + 2*n + 47. Calculate f(0).
47
Let s(a) = -6*a + 18. Give s(-2).
30
Let n(y) = 3*y**2 - 5. Determine n(4).
43
Let u(p) = -p**3 + 34*p**2 + 15*p + 698. Determine u(35).
-2
Let m(b) = -b - 4. Give m(-3).
-1
Let l(t) = 3*t**2 + 15*t - 6. Calculate l(-5).
-6
Let r(w) = -2*w**2 - 22*w - 3. Calculate r(-11).
-3
Let q(s) = -18*s + 687. Calculate q(38).
3
Let b(k) = 3*k**2 + 15*k. Determine b(-6).
18
Let z(a) = a**2 - 17*a + 4. Give z(7).
-66
Let l(x) = -x**2 - 36*x + 145. What is l(4)?
-15
Let i(c) = c**3 - 26*c**2 + 25*c - 5. Give i(25).
-5
Let z(d) = -d**3 + 8*d**2 + 10*d - 3. Give z(9).
6
Let o(x) = x**2 + 6*x - 5. Calculate o(-8).
11
Let z(l) = l**2 - 9*l - 3. Give z(11).
19
Let o(p) = 2*p**3 - 45*p**2 - 21*p - 39. Give o(23).
7
Let n(m) = -m**3 + m - 20. Give n(0).
-20
Let m(q) = 2*q**2 - 37*q - 61. Calculate m(20).
-1
Let z(u) = -164*u - 660. Give z(-4).
-4
Let u(z) = z**3 - 25*z**2 + 27*z - 60. Calculate u(24).
12
Let s(m) = 7*m - 19. What is s(3)?
2
Let k(r) = 2*r + 5. Determine k(-8).
-11
Let b(p) = -p**3 - p**2 + 13*p - 3. Calculate b(5).
-88
Let l(j) = 2*j + 8. Determine l(-5).
-2
Let f(x) = -x**2 + 23*x - 67. Give f(20).
-7
Let r(y) = 3*y**3 - 13*y**2 + 2*y - 13. What is r(4)?
-21
Let t(i) = -4*i**2 + 19*i + 14. Calculate t(6).
-16
Let o(u) = 48*u - 144. Give o(3).
0
Let w(t) = t**3 - 27*t**2 - 28*t - 3. Calculate w(28).
-3
Let y(w) = -w**2 + 4*w + 22. Determine y(8).
-10
Let s(q) = q + 9. Give s(-5).
4
Let c(j) = -j**3 - j - 26. Calculate c(0).
-26
Let r(p) = 2*p**3 + 75*p**2 + 43*p + 211. What is r(-37)?
-11
Let s(c) = -11*c - 442. Determine s(-40).
-2
Let l(g) = g**2 - 5*g + 3. Give l(3).
-3
Let r(p) = p**3 + 8*p**2 + 8*p - 5. Determine r(-7).
-12
Let i(p) = 2*p - 8. Give i(-5).
-18
Let c(i) = 17*i - 100. What is c(6)?
2
Let c(j) = 6*j - 23. Calculate c(3).
-5
Let s(d) = -d**2 - 9*d - 22. Determine s(-6).
-4
Let q(j) = -2*j**2 + 19*j + 96. What is q(-4)?
-12
Let j(r) = -r**3 - 8*r**2 - 8*r + 6. Determine j(-7).
13
Let s(o) = 7*o**2 - 9*o + 12. Give s(4).
88
Let a(n) = -11*n - 170.